by 6327197.
110
Calculate the remainder when 1560431 is divided by 65015.
71
What is the remainder when 422773 is divided by 437?
194
What is the remainder when 804436 is divided by 383?
136
Calculate the remainder when 37457 is divided by 1605.
542
What is the remainder when 763966 is divided by 38197?
26
What is the remainder when 3247900 is divided by 1623950?
0
Calculate the remainder when 57804219 is divided by 147.
144
What is the remainder when 49239 is divided by 1006?
951
What is the remainder when 1883858 is divided by 329?
4
What is the remainder when 284754 is divided by 198?
30
What is the remainder when 6848380 is divided by 41?
27
Calculate the remainder when 511380 is divided by 947.
0
What is the remainder when 4176885 is divided by 1392293?
6
Calculate the remainder when 3826725 is divided by 46.
31
What is the remainder when 50925069 is divided by 132?
129
What is the remainder when 651608 is divided by 724?
8
Calculate the remainder when 52049765 is divided by 30.
5
What is the remainder when 170735177 is divided by 1015?
1012
Calculate the remainder when 2375815 is divided by 638.
541
Calculate the remainder when 260143 is divided by 14.
9
Calculate the remainder when 12009628 is divided by 62.
42
What is the remainder when 108496 is divided by 175?
171
Calculate the remainder when 19242466 is divided by 19242419.
47
Calculate the remainder when 312243 is divided by 1794.
87
Calculate the remainder when 58443 is divided by 58020.
423
Calculate the remainder when 167773905 is divided by 746.
743
What is the remainder when 215855 is divided by 168?
143
Calculate the remainder when 41091343 is divided by 66.
7
What is the remainder when 646804 is divided by 184?
44
What is the remainder when 9697129 is divided by 63?
43
Calculate the remainder when 1249996 is divided by 427.
167
Calculate the remainder when 1627233 is divided by 325446.
3
What is the remainder when 5517653 is divided by 787?
783
What is the remainder when 171033 is divided by 55840?
3513
Calculate the remainder when 54651 is divided by 1569.
1305
What is the remainder when 8099034 is divided by 155?
129
Calculate the remainder when 6548 is divided by 221.
139
Calculate the remainder when 1174882 is divided by 915.
22
What is the remainder when 1645450 is divided by 182824?
34
What is the remainder when 29930017 is divided by 419?
9
Calculate the remainder when 120997 is divided by 12064.
357
What is the remainder when 2952149 is divided by 4840?
4589
Calculate the remainder when 3036292 is divided by 517.
468
Calculate the remainder when 11800867 is divided by 1966810.
7
Calculate the remainder when 2247432 is divided by 18124.
56
What is the remainder when 376984 is divided by 307?
295
Calculate the remainder when 405849550 is divided by 3216.
3214
Calculate the remainder when 219038 is divided by 1236.
266
Calculate the remainder when 2748 is divided by 768.
444
What is the remainder when 1445802 is divided by 111173?
553
What is the remainder when 2188131 is divided by 2742?
15
What is the remainder when 7568139 is divided by 274?
259
What is the remainder when 6512631 is divided by 19045?
18286
Calculate the remainder when 7469 is divided by 69.
17
Calculate the remainder when 176912 is divided by 17567.
1242
Calculate the remainder when 5670527 is divided by 4504.
4495
Calculate the remainder when 57331779 is divided by 3898.
3893
What is the remainder when 91021 is divided by 4544?
141
Calculate the remainder when 2060367 is divided by 158483.
88
Calculate the remainder when 4696575 is divided by 37572.
75
What is the remainder when 962077 is divided by 1577?
107
What is the remainder when 345417 is divided by 8627?
337
Calculate the remainder when 1707708 is divided by 7868.
352
Calculate the remainder when 8776472 is divided by 2255.
12
Calculate the remainder when 128896 is divided by 24.
16
What is the remainder when 172227 is divided by 188?
19
Calculate the remainder when 236948 is divided by 78975.
23
Calculate the remainder when 38771691 is divided by 12923897.
0
What is the remainder when 198944448 is divided by 58?
40
Calculate the remainder when 1327826 is divided by 869.
863
Calculate the remainder when 158237 is divided by 79017.
203
What is the remainder when 7725 is divided by 1274?
81
Calculate the remainder when 13767 is divided by 6073.
1621
What is the remainder when 44113 is divided by 64?
17
Calculate the remainder when 17024184 is divided by 2314.
86
Calculate the remainder when 498383 is divided by 16074.
89
What is the remainder when 1125179 is divided by 1084?
1071
Calculate the remainder when 42877 is divided by 1531.
9
Calculate the remainder when 252805 is divided by 126398.
9
What is the remainder when 2122561 is divided by 4982?
229
Calculate the remainder when 65197651 is divided by 216.
211
What is the remainder when 104652 is divided by 104651?
1
What is the remainder when 72088 is divided by 6653?
5558
Calculate the remainder when 342385821 is divided by 60.
21
What is the remainder when 1284080 is divided by 142669?
59
Calculate the remainder when 194 is divided by 175.
19
Calculate the remainder when 8979462 is divided by 2993152.
6
What is the remainder when 48443 is divided by 48427?
16
What is the remainder when 1146633 is divided by 2340?
33
What is the remainder when 31988229 is divided by 3554246?
15
Calculate the remainder when 14147753 is divided by 2530.
2523
What is the remainder when 2744305 is divided by 1641?
553
Calculate the remainder when 31954 is divided by 816.
130
What is the remainder when 45499 is divided by 11363?
47
What is the remainder when 18480163 is divided by 6083?
9
Calculate the remainder when 407457 is divided by 3424.
1
What is the remainder when 619466 is divided by 271?
231
Calculate the remainder when 9299795 is divided by 5068.
15
What is the remainder when 156243369 is divided by 2148?
2145
Calculate the remainder when 5436282 is divided by 17480.
2
What is the remainder when 31668 is divided by 31597?
71
Calculate the remainder when 465659 is divided by 285.
254
Calculate the remainder when 21737177 is divided by 472547.
15
Calculate the remainder when 54303 is divided by 123.
60
What is the remainder when 173574 is divided by 331?
130
Calculate the remainder when 27995394 is divided by 190.
34
Calculate the remainder when 48111365 is divided by 72896.
5
Calculate the remainder when 1312285 is divided by 109356.
13
What is the remainder when 10666319 is divided by 2118?
71
What is the remainder when 22160728 is divided by 3572?
40
Calculate the remainder when 104725930 is divided by 17.
14
Calculate the remainder when 1913052 is divided by 483.
372
Calculate the remainder when 2050254 is divided by 683305.
339
Calculate the remainder when 3330090 is divided by 56442.
12
Calculate the remainder when 6485343 is divided by 740.
723
Calculate the remainder when 33058 is divided by 187.
146
What is the remainder when 498531 is divided by 2712?
2235
Calculate the remainder when 106931 is divided by 2390.
1771
Calculate the remainder when 1628822 is divided by 1657.
1648
What is the remainder when 36329681 is divided by 225650?
31
What is the remainder when 19479312 is divided by 2138?
2132
What is the remainder when 46522 is divided by 1343?
860
What is the remainder when 250909 is divided by 6867?
3697
What is the remainder when 53325 is divided by 652?
513
What is the remainder when 599723 is divided by 2212?
271
Calculate the remainder when 759177 is divided by 252870.
567
What is the remainder when 3038103 is divided by 1336?
39
Calculate the remainder when 3721943 is divided by 1605.
1553
What is the remainder when 5227 is divided by 1706?
109
Calculate the remainder when 4336053 is divided by 1835.
1783
What is the remainder when 2270047 is divided by 295?
22
What is the remainder when 3614605 is divided by 157?
151
What is the remainder when 88391 is divided by 6280?
471
What is the remainder when 4335576 is divided by 1429?
1419
Calculate the remainder when 77364 is divided by 3295.
1579
Calculate the remainder when 15092263 is divided by 902.
901
Calculate the remainder when 8459752 is divided by 67678.
2
Calculate the remainder when 1273182197 is divided by 25.
22
What i